hat is the units digit of f?
7
Suppose -7*n + 2*n = 240. Let m be (n/(-5))/((-6)/(-40)). Suppose -f - m = -2*f. What is the units digit of f?
4
What is the hundreds digit of 141/(-94)*(-5622)/9?
9
Suppose 12 = -4*i, 0*i - 9 = -u + i. What is the units digit of -254*(u/12)/(-1) + -1?
6
Suppose 0 = -4*z - z. Suppose 12 = -2*h - z*m + m, 2*h - 2*m + 10 = 0. What is the hundreds digit of (-4)/h + (-4460)/(-35)?
1
Let p(w) = w**3 - 8*w**2 + 5*w - 8. Let n be p(6). Suppose -5*o = -3*k - 26 - 58, -k - 28 = 3*o. Let b = k - n. What is the units digit of b?
2
Let g(h) = -h**3 + 13*h**2 - 13*h - 10. Let k(r) = 3*r + 5. Let s be (-25)/(-15) + (1 - 2/3). Let v be k(s). What is the units digit of g(v)?
9
Let r(p) = 18*p**2 + 10*p + 7. Let u be r(-3). Let n = -96 + u. What is the tens digit of n?
4
Suppose 2 = 3*v - 1, 0 = -5*h - 2*v + 787. Let s = 268 - h. What is the units digit of (s/74)/((-18)/20 - -1)?
5
Suppose n - 3*v - 3825 = 6*n, -n + v - 765 = 0. Let f = n + 1753. Suppose -2*q - f = -6*q. What is the units digit of q?
7
Suppose -b + 7741 = 3*n, -4*n = 3*b - 38037 + 14839. What is the units digit of b?
6
Suppose 152*j = 2*j + 4447200. What is the thousands digit of j?
9
Let v = 96 + -58. Suppose -5*b - 25 = 2*z, 5*z = -2*b + 7 - v. What is the units digit of ((-11)/b - 1)/((-11)/(-66))?
6
Suppose 58*q - 55*q = 6. Suppose 2*r - 855 = 5*s - 14, -q*r = -4*s - 840. What is the tens digit of r?
1
Let r(q) = 50*q**2 + 171*q - 4163. What is the hundreds digit of r(30)?
9
Let j(v) = 2*v**2 + 3*v + 1761. Let r be j(0). Let n = r + -862. What is the tens digit of n?
9
Suppose 176*y - 1666220 - 1543140 = 0. What is the hundreds digit of y?
2
Let h(b) = 2*b**2 + 15*b - 10. Let g = -54 - -60. What is the hundreds digit of h(g)?
1
Let h be 4/(-10)*5*(3 + -1). Let x = h - -6. Suppose 0 = 5*p - t + 12 - 447, -420 = -5*p - x*t. What is the units digit of p?
6
Suppose -b - 2*a + 14214 = 0, -b + 14208 = 102*a - 99*a. What is the hundreds digit of b?
2
Suppose -2*j - 98 + 110 = 0. Suppose -2522 = -j*m + 2812. What is the units digit of m?
9
Let d(z) = -z. Let c be d(-5). Let b be (6 - c)*(-1 + 4). Suppose -4*k + 68 = -b*k. What is the units digit of k?
8
Let l(g) = 31*g - 255. Let n(d) = -16*d + 128. Let s(v) = -6*l(v) - 13*n(v). What is the hundreds digit of s(21)?
3
Let u be (12/(-3))/(-8)*-12. Let r(w) = 2*w + 12. Let d be r(u). Suppose d = -6*q + 914 - 152. What is the hundreds digit of q?
1
Let o = 197 + -134. What is the tens digit of (18/(-10))/(o/(-4830))?
3
Let i(b) = b**3 + 4*b**2 + b - 2. Suppose 7 = 3*m + 16. Let o be i(m). What is the units digit of 4/(o + 0)*29?
9
Let q be ((-7)/(49/(-42)))/2. Let j(y) = 157*y + 36. What is the tens digit of j(q)?
0
Suppose 2*g = -4*z + 8, 2*z - g + 2 = 3*z. Suppose 2*y - z*o = -1398, -3*y - y - o - 2771 = 0. What is the units digit of (-7)/49 + y/(-7)?
9
Suppose 0 = 3*b - 5*x - 37, -23 = -5*b + 4*x + 17. Suppose 3 = -3*k + b*k. Suppose k*s - 148 + 46 = 0. What is the tens digit of s?
3
Suppose -11 = -s - 100. Let g = s - -101. Suppose -g*q = -7*q - 955. What is the tens digit of q?
9
Suppose 11*j - 4256 = -8*j. Let i = -5 + 7. Suppose -j = -i*u + 34. What is the tens digit of u?
2
Suppose -4*p + 42 = 2*c + 3*c, -2*p = -3*c + 12. Let h be (-1040)/(-30) - (-2)/c. Suppose -w + h = -57. What is the units digit of w?
2
Let z = -22 - -82. Let v = 76 - z. What is the units digit of v?
6
Let p be (1055/(-10))/(7/28). Let f be (-1)/(-4) - 39120/64. Let g = p - f. What is the units digit of g?
9
Suppose -b = -3*l - 2411, 2*b - 2282 = 3*l + 131. Let f = l - -1125. What is the tens digit of f?
2
Suppose 9*y - 20 = 4*y - 3*x, 4*x + 12 = 3*y. Suppose -336 = -3*k - 5*s, -k - y*s - 32 + 151 = 0. Let c = -13 + k. What is the tens digit of c?
9
Suppose 1155 = 7*w + 14*w. Suppose -4*o + 2*s + 38 = -184, -s - w = -o. What is the tens digit of o?
5
Suppose j = -5, 0 = -4*g + 7*g + 3*j - 19218. What is the units digit of g?
1
Suppose -2190*u + 14683 = -2189*u + 4768. What is the tens digit of u?
1
Let w(d) be the third derivative of -1/12*d**4 + 0*d + 3*d**3 - 9*d**2 + 0. What is the units digit of w(0)?
8
Let x(i) = -i - 15. Let u(o) = -o - 16. Let d(z) = 2*u(z) - 3*x(z). Let y be d(13). What is the units digit of (y - (-3 - -2)) + 1?
8
Let i(w) = -w**2 - 17*w - 7. Let q be i(-11). What is the tens digit of (-2 + (-16)/(-2))*1770/q?
8
Let r(m) = -m**2 - 20*m + 25. Suppose 12*t + 107 = -145. What is the units digit of r(t)?
4
Let u = -39 + 45. Let d be 0/(u - (5 - 1)). Suppose 14*n - 20*n + 1230 = d. What is the units digit of n?
5
Let x = 888 - -10013. What is the tens digit of x?
0
Let h be ((-124)/(-10))/(2/10). Let b(i) = -i**3 + 49*i**2 + 5*i - 279. Let d be b(49). Let x = h + d. What is the units digit of x?
8
Suppose 50448 = 25*c - c. Suppose -2*k - c = -2*v, -v = v - 5*k - 2099. What is the hundreds digit of v?
0
Suppose -7*q + 14*q = 2149. Let w = 469 - q. What is the tens digit of w?
6
Suppose 5*j = 3*g - 1, -j - 4*g - 7 = -16. What is the units digit of (j - (2 + -2))*(50 - -3)?
3
Let r = 81016 + -30064. What is the hundreds digit of r?
9
Suppose 0 = 2*w + 2*o - 3599 - 17163, o - 41512 = -4*w. What is the units digit of w?
7
Suppose 2*c - 4*k - 2066 = -58, -4*c + 2*k + 3974 = 0. What is the tens digit of c?
9
Suppose -2*t + 8 = 2. Suppose -t*d = -5 - 13. Suppose -d*x - 159 = -9*x. What is the units digit of x?
3
Suppose 2*d + 876 = -d + 2*c, 2*c - 6 = 0. What is the hundreds digit of 207/6*d/(-15)?
6
Suppose 14*v - 39508 = 12*v + 4*c, -v = 3*c - 19749. What is the ten thousands digit of v?
1
Suppose -2*a = -3*r + 106, 4*a + 3*r + 71 = 3*a. Let u = 77 + a. Suppose -21*b + u*b = -81. What is the units digit of b?
7
Suppose 11*p = 7*p + 16. Suppose -4*h + 48 = p. Let d(c) = -c**3 + 12*c**2 - 2*c + 5. What is the units digit of d(h)?
4
Let z(w) be the second derivative of w**5/10 - 19*w**4/12 - 17*w**3/6 + 29*w**2 - 11*w - 3. What is the hundreds digit of z(12)?
5
Let g(y) = 475*y - 5627. What is the units digit of g(34)?
3
Let g = 98 - 94. Suppose -15*q = -17*q + g. Suppose 0 = -5*z + p + 1044, 5*p + 278 = q*z - 158. What is the tens digit of z?
0
Let q = -664 - -50. Let t = q + 1117. What is the tens digit of t?
0
Let h(q) = -32*q**2 - 1636*q + 88. What is the ten thousands digit of h(-37)?
1
Let k(q) be the third derivative of -19*q**4/12 - 19*q**2. Let l be k(-1). Let f = l + -18. What is the units digit of f?
0
Let p = -31 + 58. Let r be (-10)/(-40) + p/(-12). What is the units digit of r/(-8) - ((-1575)/20 - -4)?
5
Suppose -5*n = -5*r + 605, -2*r + 6 = -3*n - 231. What is the tens digit of (12/(11 + -17))/((-1)/r)?
5
Let x(o) = -2*o**3 + 3*o**2 + 6*o + 2. Let w be x(-2). Let r(t) = 43 - w - t + 25. What is the tens digit of r(9)?
4
Let y be (0 - 77 - (-1 - -7)) + 1. Let a = y + 138. What is the tens digit of a?
5
Let x(c) be the second derivative of -6*c - 11/12*c**4 + 0 - 1/20*c**5 + c**2 - 3/2*c**3. What is the tens digit of x(-11)?
0
Let o = -81 + 86. Suppose o*q - 1461 = -3*b, 0 = 17*b - 13*b + 3*q - 1948. What is the units digit of b?
7
Suppose -7*h + 81 = -6*h. Let d = 90 - h. Suppose 8*c = d*c - 36. What is the tens digit of c?
3
Let w(v) = 4*v**2 + 7*v + 29. Let n be w(13). Suppose j + n = 2*i, 5*i - 3*j - j - 1987 = 0. What is the tens digit of i?
9
Suppose 3*a - 4*w = w - 5056, 0 = -5*a + 2*w - 8452. Let k be 6/(-51) - a/(-68). Let s = 75 - k. What is the hundreds digit of s?
1
Let y(i) be the first derivative of -i**2/2 + 12*i + 9. Let l be y(6). What is the units digit of 64 + 4/l*6?
8
Suppose 0 = 3*b + w + 15, 2*w + 3 = b + 1. What is the hundreds digit of ((-575)/(-10) + -7)/((-2)/b)?
1
Let v(u) = -179*u**3 - u**2 - u. Let l(w) be the first derivative of w**3/3 + 4*w**2 + 6*w - 19. Let z be l(-7). What is the hundreds digit of v(z)?
1
Suppose 5*x = -3*h + 122 + 283, -2*h + 10 = 0. Suppose 66*t - x*t + 1572 = 0. What is the hundreds digit of t?
1
Suppose 0 = -z - q + 10 - 3, 5*q + 15 = 5*z. Let h(o) = o - 3. Let n be h(z). Suppose 2*d - 132 = -4*b, 0 = -b - 5*d + 44 - n. What is the units digit of b?
2
Suppose 19*j - 14*j = -f + 13, 2*f + 13 = 3*j. Suppose -j*g + 827 = -4*b + 5*b, -3*b + 3*g = -2493. What is the hundreds digit of b?
8
Let h(p) = 306*p - 2611. What is the hundreds digit of h(46)?
4
Let l = 25 + 